
51
What is the value of 23 - (105 - (-6 + 24)) - 37?
-101
Evaluate -21 - (29 + -60 - -14).
-4
What is the value of (-9 + (-8 - -3 - -19) - (-1 + -3)) + 10?
19
What is the value of (-3 - -73) + (-22 - -20) + -18?
50
Evaluate (0 - (-113 - 0)) + (2485 - 2524).
74
Calculate (-3 - -18) + (1 + -54 - (544 + -542)) - 3.
-43
Calculate (8576 - 8522) + 22 + (0 - -3) + -4.
75
What is the value of -46 + (-16 + -9 - -26)?
-45
What is the value of 31 - ((27 - -4) + -8) - (-3 - -46)?
-35
What is 2 + 4 + (42 - (-14 + 1)) - (41 - 28)?
48
What is -11 + (11 + -28 + -7 - -7)?
-28
32 + (-33 - -44 - 20)
23
Calculate (7 - 10) + 1876 + -1809.
64
-39 - 61 - -147 - 47
0
What is the value of -34 + (94 - (-7 - -26) - -15)?
56
Evaluate 29 + -12 + -27 + (2 - -22 - 0).
14
(8 - 0) + (-147 - 53 - -179)
-13
What is -17 - (-22 + 3 + (3 - (-1 + -6)))?
-8
Evaluate 32 + 62 + -32 - 103.
-41
Evaluate 28 + (38 - 42) + -37.
-13
What is 29 + (-62 - (-113 - 27))?
107
What is 0 + 2 - -9 - (13 - (-16 + 51))?
33
What is the value of 2 - 4 - (15 + -4) - (-231 + 247)?
-29
Calculate -1 - (-22 + (45 - 18) - (11 - -12)).
17
What is the value of 9 + (13 - (-27 + 45)) - (0 - 46) - -7?
57
Evaluate -140 - (62 + -3 - 112).
-87
Calculate 77 + -36 + -54 + -72 + (6 - 1) + -6.
-86
(4 + 7 - 6) + 29 + -65 + 0 + -6
-37
What is the value of -10 + 3 + (1 - -1) - (-8 + 10 - 29)?
22
10 - (13 - -24) - 8
-35
What is 47 + (9 - -5) + -13 + 8 + -23?
33
(1 - -92) + (330 - 482)
-59
What is -8 + -2 + (-2 - -6) - (-36 + 35 + -16)?
11
-5 - 11 - (1 + (2 - 61))
42
What is -10 + -2 - (40 - (-66 + 78))?
-40
Calculate -4 - (5 - 17) - -29 - (-1 + 0).
38
What is the value of 346 + -368 - (2 + -6 + 19)?
-37
Evaluate -21 + 65 + 21 + -28 - 112.
-75
What is the value of (-209 - -168 - (5 + -124)) + 0 + -12?
66
Calculate -4 + -50 + (-53 - -102) + (0 - -5).
0
What is the value of -132 - (13 - (28 + 17 + -24))?
-124
16 - (16 - 2 - -1 - (8 + -3))
6
Evaluate (-47 + 58 - (23 - 3)) + -1 + -6.
-16
What is the value of -8 + (10 - (-6 + 2 - -14 - (-1 - 32)))?
-41
59 + -4 - ((-48 - -106) + -51)
48
What is the value of -3 + 2 + (-34 - (-22 - -12)) + 11?
-14
What is the value of 141 + -17 + -10 + -3 + 40?
151
What is (14 - (0 + 29) - (-3 - 12)) + (-8 - 0)?
-8
Evaluate (60 + -2 - (121 + -100) - 4) + -17.
16
-3 + 5 + -48 + 13
-33
What is the value of (-2 - 58) + (14 - -12 - 18)?
-52
What is -3360 + 3358 + (2 - 2 - 3) + -45?
-50
What is the value of 18 - (20 + -6) - 3 - (1 - 46)?
46
-9 + 18 + -5 + (17 - 17) + 19
23
Evaluate -2 - (6 + -22) - (105 + -17 + -33).
-41
What is (1 - 16) + (200 - 130) + -34?
21
-66 + (-6 - -50 - 3) + -28
-53
-41 + (-86 - (-123 - -76))
-80
(20 - 0) + (-243 + 267 - (2 - -32))
10
What is 11 + (-40 - -52) - -13?
36
What is the value of -27 + (20 + -48 - (-13 - -10)) + 5?
-47
Calculate -2 - ((16 - 35) + 29 - (3 - 0 - 17)).
-26
What is (-4 + 1 - (-28 + -40 + 77)) + 35 + -93?
-70
-40 + (71 - (-11 + 45))
-3
Evaluate -92 + (1 - -27 - -20).
-44
What is -50 + (87 - 62) + 75?
50
Evaluate -9431 - -9299 - (-1 - 105).
-26
-46 - (-12 - ((-28 - -17) + 6))
-39
What is (-5 - ((8 - -8) + -87)) + -21?
45
31 - (9 + (-20 - -16) + -14 - -28)
12
Calculate (-2 - (3 + -127)) + -13 + (-11 - -21 - 3).
116
What is -1 - ((-49 - -51) + -3 + -24 + 2)?
22
Calculate (38 - (144 + -13)) + 50.
-43
What is -12 - -58 - (0 - -11 - (-22 + 26))?
39
-66 - (49 + -143 + 3)
25
Evaluate (2 - -30) + (-23 + 125 - 84).
50
What is the value of -15 - (28 + -13 - 34)?
4
Calculate 12 - ((-131 - -160) + (-6 - 0) + 0 + -4).
-7
Calculate 4 + -6 - (0 + 3 + -10) - -71.
76
What is the value of 3 - 61 - ((-15 - 0) + (9 - 6) + 3)?
-49
What is (-9 - -19) + 0 + -14 + 3 + 26?
25
What is the value of 92 + -97 + (1 - -1) + 6 + 7 + -3?
7
Calculate -3109 - -3075 - (26 + 0).
-60
What is (22099 - 22099) + (3 - 0 - 2) + (0 - 53)?
-52
Evaluate 10 + -8 + -3 + -11 + 2.
-10
89 + 61 + -21 + (-48 - -8)
89
Evaluate (69 - (6 + -3 + -1)) + -835 + 832.
64
-6 - (-43 - 2) - 55
-16
What is (53 - 37 - -46) + -10?
52
What is the value of (9 - (8 + 7 - 0)) + 11 - (37 - -1)?
-33
Calculate (-5 - -3) + (-4 + -10 - (25 + 8 - 13)).
-36
Evaluate 11 + -17 + -7 + 27 - -10.
24
What is -3 + -1 + -7 + (121 - 105)?
5
Calculate 8 + -166 - (-8 - -2 - (54 - 39)).
-137
What is the value of 11 + -2 + 1 + (34 + 6 - 51) - -10?
9
Evaluate (19 + -3 - (21 + -13 - 0)) + -1 + 3.
10
Evaluate -4 + -15 + 5 + -6 + 8 + 1.
-11
1 - 5 - (0 + 26 - (53 + -20 + -45))
-42
0 + -8 + 176 + -213 + -30
-75
What is 38 + (-31 - 77) + 113?
43
-24 + (-16 - 26) + 18 + 11
-37
What is the value of -104 + 63 + -29 + 91?
21
-20 + -26 + 24 - 118 - -35
-105
3 + (0 - -1) + ((74 - 23) + -8 - 96)
-49
Calculate (-3425 - -3341) + 1 + 186.
103
What is the value of 39 - (-18 - (-206 + (6 - -6)))?
-137
Evaluate -16 + 77 + -20 + (8 - (2 + -2 + -1)).
50
(40 - 12) + (-3 - (3 + -1)) + -10
13
Calculate 111 - 0 - (-133 + 227 + -55).
72
-26 + (124 - 25) + -10
63
What is the value of 0 + -17 + (-16 - (-27 - -21)) + 8?
-19
What is -1 + 28 + -2360 + 2339?
6
What is 7 + -5 + 47 + 5 + (0 - -20)?
74
Calculate 145 - (-11 - (-173 - -13)).
-4
Calculate (5 + -11 - -8) + (-21 - -57).
38
Evaluate 46 - (-1 + 4 + (-2 + -1 - -6)).
40
Calculate 66 - -1 - (2261 - 2240).
46
Evaluate -6 + (-10 - 2) + -6 + 3 + 126 + -120.
-15
Evaluate 91 + (65 - 191 - -47).
12
Calculate 37 + 8 + (-206 - -194).
33
Evaluate (-11 - 19) + 48 + (6 - -3).
27
92 + -24 + 22 + -15 + 34 + 7
116
Calculate -22 + 11 - (-12 - (-25 - (-1 - -4))).
-27
Evaluate -21 - ((-2 - -29 - 50) + 14).
-12
-1321 + 1344 + (-1 - 46)
-24
What is (15 - 2 - (3 + (6 - -2))) + -29?
-27
What is the value of (-29 - -24 - 0) + 92 + -12?
75
What is (63 - 0) + (-563 - -602) + -1 + -53?
48
79 - ((-28 - -15 - 8) + -17 + 17)
100
What is the value of (-52 - -33) + -8 + -1 + 107?
79
What is the value of 7 - 149 - (-110 - -24)?
-56
What is (92 - (130 + -92)) + -176?
-122
-37 + 8 + 7 + 16 + (2 - 0) + 27
23
Evaluate 1 + 78 + -1 + (4 - (-31 - -28)).
85
What is -90 - -2 - (245 + -325)?
-8
What is the value of -25 - (-52 - -3) - 28 - 113?
-117
Evaluate (71 - 10 - 140 - -20) + (-13 - (-1 + 3)).
-74
Evaluate -75 + 66 + (-1 - -1) + 15 + (20 - 32).
-6
(-28 + 63 - 3 - 24) + 42
50
Calculate 75 - 27 - 37 - (-11 - 58).
80
What is -24 - (23 + -41 - -35)?
-41
What is the value of (1 - -112) + -12 + 17 + -17 + -1?
100
Evaluate 101 + -186 - -148 - (3 + -30).
90
Evaluate 7 - (47 + (4 - 7) + 13 + -1).
-49
(-22 - -14) + (-7 - -1) + -6
-20
Calculate (24 + -43 - 10) + -14.
-43
What is -3915 - -3921 - (0 - 0 - -50)?
-44
Calculate (-48 + 51 - (0 - -7 - 15)) + 15.
26
What is (-158 - 124) + 190 + (1 - 1)?
-92
14 + -5 - (-29 - -29)
9
What is (2 - (-3 - -2)) + 2 + -10 + (6442 - 6471)?
-34
Evaluate (5 - 11 - -21) + -35 + (8 - 8).
-20
Evaluate 72 - (53 + -24) - 18.
25
Calculate -13 + -7 + (-11 - -16) + 14 - (14 + -1).
-14
Calculate (17 - 25 - -22) + 0 + 0 + 5.
19
-38 + -20 - -71 - -5
18
Calculate -36 - (21 + -37 + -13) - (2 - 115).
106
Evaluate 12 + (997 + -998 - (-14 - 1)).
26
Evaluate (-2 - -27) + (-27 - -17) + 14.
29
Evaluate -12 - (9 + -32) - (17 - 3).
-3
Evaluate -30 - (-85 + -35 + (-19 - -37)).
72
4 + -5 + 7 - (-17 + (34 - 17))
6
Evaluate -83 - 1 - (687 - 767).
-4
What is -19 - (-24 + -9 + 17 + -9)?
6
-3 - 24 - (-405 + 335)
43
What is 80 + (-7 - (17 + 32))?
24
What is (10 - 0) + (126 - 126) + (22 - 14)?
18
(-12 - -17 - -82) + 0 + 8 + 194 + -215
74
Calculate (20 + -2 - (103 + -77)) + -1.
-9
What is 4609 + -4571 + 1 + 1 + -12?
28
10 + (37 - (20 + (-6 - -4)))
29
102 - 174 - -234 - 95
67
Calculate (-35 + 29 - 6) + (-4 - -8) + 3.
-5
What is 97 + (24 - -4 - (51 - -2))?
72
What is the value of 9 - (109 + (50 - 217))?
67
What is the value of 5 + 1 + -19 - ((-9 - 16) + -2)?
14
What is (2 + -5 - (-2 + 0)) + 3087 + -3093?
-7
Calculate -11 + -1 + -21 + (13 - (26 - 26)).
-20
What is the value of -2 - -57 - (195 + 3 - 185)?
42
What is the value of 65 - ((9 - 2) + (3 + 2 - 3) - 16)?
72
What is -7 + ((-71 - -101) + -10 - (4 - (-2 + -1)))?
6
Evaluate -301 + 282 - (8 - 15).
-12
Calculate -16 - (5 - (4 - -13)) - (-7 + -26).
29
What is -3 + 3 + 27 + -104 + 76?
-1
Calculate -11 + (86 - (50 - 39)).
64
Evaluate -28 + 189 + (-677 - -655).
139
Evaluate (13 + -48 - (5 + 1)) + (59 - 61).
-43
Calculate (-44 + 68 - -23) + -54.
-7
Calculate 3 + 54 - (-4 + (0 - 17) - -18).
60
What is (21 - 82 - -10 - 21) 